y) = -1142*y - 17468. What is j(-16)?
804
Let w(r) = r**3 + 79*r**2 - 4269*r + 2663. Determine w(-116).
-5
Let c(o) = -13*o**2 + 749*o - 9666. What is c(38)?
24
Let h(n) = -n**3 - 22*n**2 + 4465*n + 102175. Calculate h(-23).
9
Let b(q) = -32*q**3 + 221*q**2 - 449*q. Calculate b(2).
-270
Let q(m) = -m**3 + 10*m**2 + 444*m + 991. What is q(-15)?
-44
Let w(u) = -37507*u - 23104315. Give w(-616).
-3
Let q(s) = -9*s**3 + 50*s**2 + 46*s - 22. Give q(8).
-1062
Let g(a) = -253*a**2 + 314*a + 313. Determine g(-1).
-254
Let i(q) = -255396*q**2 + 255390*q - 2. What is i(1)?
-8
Let y(s) = -17*s**3 + 20*s**2 - 35*s + 14. What is y(-4)?
1562
Let h(q) = 3*q**3 - 623*q**2 - 1186*q - 59664. Determine h(210).
-24
Let n(b) = 45962*b - 45951. Calculate n(1).
11
Let a(q) = -1225*q + 33080. Calculate a(27).
5
Let s(f) = 2*f**3 - 14*f**2 + 8*f - 76. Give s(7).
-20
Let q(k) = -32645*k + 261146. Give q(8).
-14
Let w(d) = 38*d**2 - 14626*d - 1499. Calculate w(385).
41
Let u(o) = 22*o**2 + 4114*o + 1164. Calculate u(-188).
5300
Let m(t) = 1698*t - 1387256. Give m(817).
10
Let w(k) = k**3 + 47*k**2 + 3*k - 538. Calculate w(-47).
-679
Let j(m) = -64*m + 7215. Calculate j(76).
2351
Let r(u) = -u**3 + 766*u**2 - 12024*u + 17872. What is r(750)?
-128
Let n(f) = 6*f**2 + 5506*f + 16480. Give n(-3).
16
Let g(m) = -m**3 + 143*m**2 + 3259*m - 24. Calculate g(-20).
-4
Let q(f) = -371*f**3 + 2234*f**2 - 14*f + 27. Give q(6).
231
Let v(x) = x**3 + 21*x**2 - 351*x - 30. What is v(10)?
-440
Let x(j) = j**3 + 169*j**2 + 6812*j - 2228. What is x(-102)?
16
Let a(l) = 1041*l + 14132. Calculate a(-14).
-442
Let l(s) = s**2 + 636*s - 29302. Determine l(43).
-105
Let b(d) = -19*d**3 - 22*d**2 + 73*d - 58. Calculate b(2).
-152
Let d(s) = 9*s**2 + 1698*s + 3271. What is d(-2)?
-89
Let r(c) = -2*c**2 - 299*c + 884. Determine r(3).
-31
Let q(g) = g**2 + 109*g + 2554. What is q(-75)?
4
Let i(n) = 883*n - 630. Give i(1).
253
Let x(s) = 3*s**3 + 101*s**2 + 261*s + 439. Give x(-31).
36
Let b(i) = -84*i**3 + 5*i**2 - 8*i + 5. What is b(2)?
-663
Let m(r) = 35*r**2 - 503*r - 143. What is m(13)?
-767
Let o(v) = -155410*v + 1554123. Give o(10).
23
Let v(y) = -1437*y - 3588. Determine v(-2).
-714
Let b(x) = -5*x**2 + 527*x - 1539. Give b(3).
-3
Let j(l) = 3*l**2 + 35557*l + 284276. Determine j(-8).
12
Let l(r) = -r**3 - 28*r**2 + 3448*r + 21497. What is l(-6)?
17
Let x(o) = -3*o**3 + 15*o**2 + 712*o - 3590. What is x(5)?
-30
Let h(n) = 2*n**3 + 52*n**2 + 68*n - 317. Determine h(2).
43
Let f(v) = v**2 + 15977*v + 335010. Give f(-21).
-66
Let x(q) = 12*q**3 + 422*q**2 + 85*q + 573. Determine x(-35).
48
Let o(j) = -71*j - 3477. Determine o(-55).
428
Let s(j) = 2247*j + 13933. Determine s(-6).
451
Let c(v) = 89*v + 9774. What is c(-118)?
-728
Let x(q) = -18281*q + 347311. Calculate x(19).
-28
Let m(f) = -f**3 - 62*f**2 + 1173*f - 5851. What is m(-78)?
-1
Let x(d) = -d**3 + 91*d**2 + 21814*d + 1524. Determine x(-109).
-2
Let i(l) = 1349519*l + 29689418. What is i(-22)?
0
Let l(r) = r**3 + 208*r**2 + 1191*r - 199. Calculate l(-6).
-73
Let w(n) = -2*n**2 - 33*n + 1328. Give w(-35).
33
Let i(t) = -11*t**3 - 117*t**2 + 27*t - 195. What is i(-11)?
-8
Let z(g) = -g**2 + 27*g - 311. Give z(32).
-471
Let b(p) = p**3 - 81*p**2 + 64*p + 1265. What is b(80)?
-15
Let u(j) = -86*j**2 - 19*j - 74. Calculate u(-4).
-1374
Let i(l) = -3*l**3 + 526*l**2 + 397*l - 7965. Give i(176).
-45
Let o(i) = -7*i**2 + 48*i + 149. What is o(-20)?
-3611
Let b(s) = -34*s**3 - 267*s**2 - 9*s + 5. Calculate b(-7).
-1353
Let l(h) = -2059*h - 35338. Give l(-17).
-335
Let z(y) = -y**2 + 4*y + 85. Calculate z(-24).
-587
Let u(w) = -321*w - 24. Give u(1).
-345
Let a(u) = -631*u**2 - 68148*u - 6. Calculate a(-108).
-6
Let b(p) = -107*p + 2440. Determine b(23).
-21
Let m(k) = -k**2 + 13*k - 236. Determine m(-46).
-2950
Let r(c) = 102*c**3 + 296*c**2 + 46*c + 16. What is r(-3)?
-212
Let b(f) = -8171*f - 16252. What is b(-2)?
90
Let l(h) = -h**3 - 8*h**2 + 26*h - 37. Calculate l(2).
-25
Let x(u) = -50*u**2 + 2390*u + 368. Determine x(48).
-112
Let m(d) = 3745*d - 78655. Give m(21).
-10
Let s(q) = q**3 + 38*q**2 + 95*q - 513. What is s(-35)?
-163
Let b(k) = -1288*k + 37558. What is b(33)?
-4946
Let r(v) = v**3 + 19*v**2 - 10670*v - 21409. What is r(-2)?
-1
Let g(l) = -3*l**3 + 1027*l**2 + 1733*l - 4346. Give g(344).
126
Let m(v) = 777*v + 47467. Determine m(-61).
70
Let t(l) = -4*l**2 - 3239*l - 15361. What is t(-805)?
-66
Let f(t) = 4*t**2 - 4744*t - 667000. What is f(-127)?
4
Let v(h) = h**3 - 8*h**2 + 100*h - 1458. Determine v(11).
5
Let v(o) = 87833*o - 966178. Give v(11).
-15
Let s(q) = q**3 + 14*q**2 + 154*q + 462. Give s(-4).
6
Let k(s) = -112*s**2 - 106*s - 4. Give k(-2).
-240
Let c(f) = 2*f**2 - 4545*f - 110308. Determine c(-24).
-76
Let l(f) = -127*f**2 - 810*f - 4052. Give l(-5).
-3177
Let h(u) = -35*u**3 + 50*u**2 - 15*u + 59. Determine h(5).
-3141
Let h(l) = -l**3 + 2*l**2 + 6819*l - 27298. Calculate h(4).
-54
Let x(q) = -3538*q - 35367. Calculate x(-10).
13
Let s(m) = 106*m + 1158. What is s(-14)?
-326
Let h(r) = -r**3 + 3*r**2 - 39*r - 22. What is h(0)?
-22
Let d(q) = q**3 - 133*q**2 - 1485*q + 7842. Determine d(143).
-23
Let d(q) = 8436*q + 4732608. Give d(-561).
12
Let i(o) = -108*o**3 - 9*o**2 + 8*o + 10. What is i(-1)?
101
Let h(n) = -792*n - 256746. Determine h(-324).
-138
Let l(o) = -2*o**2 + 12*o - 62. Determine l(5).
-52
Let n(q) = 2*q**3 - 56*q**2 - 31*q - 101. Give n(29).
682
Let x(i) = -3*i**3 + 72*i**2 - 60*i + 1248. What is x(24)?
-192
Let z(a) = -36531*a + 255706. What is z(7)?
-11
Let g(u) = -33*u**2 + 145*u + 144. Determine g(-1).
-34
Let a(z) = -3*z**3 - 8*z**2 + 1454*z + 1170. Calculate a(-23).
-3
Let d(p) = 4*p**3 + 2*p**2 - 390*p + 389. What is d(1)?
5
Let v(i) = 447845*i + 1791386. What is v(-4)?
6
Let c(q) = -10*q**3 - 313*q**2 + 1818*q + 82. Determine c(6).
-2438
Let n(j) = 23882*j - 286595. Calculate n(12).
-11
Let w(a) = -10638*a + 840397. Give w(79).
-5
Let k(p) = p**3 - 80*p**2 - 165*p + 6022. Determine k(-9).
298
Let l(k) = 13936*k - 13873. Determine l(1).
63
Let d(u) = 2*u**3 - 45*u**2 - 356*u + 2754. Calculate d(5).
99
Let i(l) = 2452*l**2 + 970994*l + 808. Calculate i(-396).
16
Let s(j) = 539256*j - 3774800. What is s(7)?
-8
Let o(g) = -37*g**3 - 8993*g**2 - 476*g + 2435. Determine o(-243).
5
Let i(k) = -k**3 - 264*k**2 + 294*k + 7772. Calculate i(-265).
87
Let h(u) = 6*u**2 + 1006*u + 13317. Calculate h(-14).
409
Let y(c) = 1547*c + 20308. Determine y(-13).
197
Let f(b) = -5754190*b + 17262575. Determine f(3).
5
Let h(n) = -51874*n - 207408. What is h(-4)?
88
Let a(d) = -4*d**2 + 534*d - 17787. Calculate a(69).
15
Let p(w) = -w**3 + 320*w**2 + 2702*w - 25595. Calculate p(328).
-11
Let i(g) = -196*g - 4910. What is i(-19)?
-1186
Let x(g) = -7*g**3 + 179*g**2 + 59*g + 474. Give x(26).
-20
Let r(q) = 74852*q - 3368335. Calculate r(45).
5
Let y(k) = 7*k**3 - 55*k**2 + 36*k - 966. What is y(9)?
6
Let d(n) = -n**3 + 69*n**2 - 590*n + 35562. Give d(68).
66
Let a(t) = t**2 - 141915*t + 2837889. What is a(20)?
-11
Let w(k) = -7*k**3 + 684*k**2 + 198*k - 88. Give w(98).
108
Let a(b) = -6*b**3 - 138*b**2 + 515*b - 5. Determine a(4).
-537
Let a(j) = -1472*j - 30992. Give a(-21).
-80
Let w(r) = 1752*r - 37066. What is w(21)?
-274
Let b(c) = 61*c**3 + 1893*c**2 + 70*c + 101. Calculate b(-31).
-147
Let r(u) = 43*u + 4125. Give r(-76).
857
Let p(m) = 413*m - 37854. Give p(93).
555
Let y(z) = 3*z**3 + 65*z**2 - 251*z - 6142. Give y(-21).
11
Let v(y) = -y**3 + 55*y**2 - 41*y + 13544. Calculate v(58).
1074
Let y(u) = -2*u**2 + 135*u - 3434. Calculate y(59).
-2431
Let k(r) = 94942*r + 2183648. Give k(-23).
-18
Let j(h) = 3*h**2 - 2068*h + 24589. Calculate j(12).
205
Let f(o) = -14*o**2 + 861*o - 444. Determine f(61).
-17
Let m(i) = 4*i**2 - 2885*i + 58814. Determine m(21).
-7
Let w(u) = u**3 + 344*u**2 + 10818*u + 250. What is w(-35)?
145
Let f(l) = -2*l**2 + 381*l + 72. Determine f(189).
639
Let g(m) = -30*m**3 + 1200*m**2 + 11*m - 74. Determine g(40).
366
Let p(n) = -5*n**2 + 110*n + 270. Give p(24).
30
Let u(z) = -51*z**3 - 29989*z**2 - 567*z + 12366. What is u(-588)?
18
Let y(v) = 1078*v - 87662. Calculate y(81).
-344
Let c(s) = 35732*s - 71443. Determine c(2).
21
Let z(v) = v**2 - 132*v - 23474. Determine z(-101).
59